ctor of r and 33.
11
Suppose -2*p + 82 = -2*o - 128, 4*p - 405 = o. Let t(a) = -a**2 + 10*a + 194. Let z be t(-7). What is the greatest common factor of z and p?
25
Suppose k - 40 = 5*k. Let h be (-14)/70 - 42/k. Suppose 70 = l + h*l. Calculate the highest common factor of l and 140.
14
Let w be (3 + -9)/(-2 - (-69)/12 - 4). Suppose 2*i - 4 - 28 = 0. Calculate the highest common divisor of i and w.
8
Let s = -387 + 394. Suppose 7*d - 2226 = -s*d. Calculate the greatest common divisor of d and 6.
3
Let p = -16 + 26. Suppose 3*l = p*l - 63. Suppose -24*u + 37 = -35. Calculate the greatest common divisor of l and u.
3
Suppose -609658 = 191*j + 126*j - 2802981. What is the greatest common factor of j and 22?
11
Let h(j) = j**2 - 99*j + 1395. Let b be h(82). What is the highest common factor of b and 659?
1
Let d be -112*((-17)/(-4) + -6). Let o = -193 + d. What is the greatest common divisor of 15 and o?
3
Let t = 0 + -4. Let c be t/((-16)/3)*(-8)/(-3). Suppose o - c*n = 17, 45 = 4*o - 4*n - 3. Calculate the greatest common divisor of 49 and o.
7
Let s(a) = -3*a - 11. Suppose 10*c = 4*c - 90. Let r be s(c). Suppose -2*i = i - 51. Calculate the greatest common divisor of i and r.
17
Let a = 491 - 41. Suppose a = 3*l + 2*l. Suppose 27*y - 20*y - 126 = 0. Calculate the highest common factor of y and l.
18
Let h be (56/98)/((-4)/(-42)). Suppose -45*a + h = -43*a. Let b be ((-1)/(-3))/(a/(-972)*-4). Calculate the greatest common divisor of b and 18.
9
Suppose 2*c = 7*o + 1309, 0 = 3*c - 3*o + 177 - 2148. Calculate the highest common factor of 1222 and c.
94
Suppose -268*j = -264*j + 3*v - 3212, 0 = 2*j - 8*v - 1644. Let p(y) = -63*y - 1. Let b be p(-1). Calculate the highest common factor of j and b.
62
Suppose 0 = 2*m + a - 213, 5*m + 5*a + 231 = 776. Suppose 15*u = 494 - m. Calculate the highest common divisor of u and 143.
13
Let l(a) = 94*a**3 - 2*a**2 + a + 3. Let d be l(2). Suppose 12*c - d = -89. Calculate the highest common divisor of 11 and c.
11
Let c(y) = 266*y + 1934. Let s be c(-7). Suppose 0 = 9*x - 7*x - 144. What is the greatest common divisor of s and x?
72
Suppose 2*s - 4*z - 1343 = 7*s, -6 = 3*z. Let k = s + 273. What is the highest common factor of 138 and k?
6
Let s = 1 - -1. Suppose 5*d - s*u + 5*u = 649, 5*u = 15. Let p(z) = 28*z + 4. Let r be p(1). What is the greatest common divisor of d and r?
32
Suppose -4*w + 26*w - 48962 - 47310 = 0. Calculate the greatest common factor of w and 8.
8
Suppose 5*l + 0*m = 3*m + 17, 0 = 5*l - 2*m - 13. Let i = -123 + 184. What is the greatest common divisor of l and i?
1
Suppose -5*z = 38279 - 40809. What is the greatest common divisor of 88 and z?
22
Let f be (-1)/2 + (-339)/(-6). Suppose -11948*u + 2063 + 8101 = -11915*u. What is the greatest common factor of f and u?
28
Let u(i) = -i**2 + 7*i - 6. Let d be u(4). Suppose -4*w = -d*w + 24. Let f be 378/35*20/6. What is the highest common divisor of f and w?
12
Suppose 0 = 5*w, 2*w + 4 + 4 = y. Suppose y*h - 204 - 84 = 0. What is the highest common factor of 63 and h?
9
Let c(d) = 2*d**3 + d**2 + 2*d. Let k be c(2). Let z(t) = 73*t - 28. Let b = 201 - 197. Let g be z(b). Calculate the greatest common divisor of k and g.
24
Let b(u) = -58*u + 1420. Let q be b(16). Calculate the highest common divisor of 861 and q.
123
Let r(t) be the third derivative of -t**4/12 + 19*t**3/3 + 8*t**2. Let f be r(12). Suppose 192 = -6*j + f*j. What is the highest common divisor of j and 12?
12
Let x(a) be the first derivative of 7*a**3/3 + a**2/2 + 66. Let s be x(4). What is the highest common divisor of s and 29?
29
Let d be 14 - (-13)/((-78)/(-132)). What is the highest common factor of 196 and d?
4
Let m(s) = -11*s + 0 + 18 + s + 11*s. Let d be m(-15). Let x be (-3)/(18/21)*-6. Calculate the highest common factor of x and d.
3
Let z = -203 + 85. Let n = z - -158. What is the highest common factor of n and 40?
40
Suppose -13*c + 2*c + 9854 = 2*c. Calculate the highest common factor of 6 and c.
2
Let y = 2671 + 8029. What is the highest common factor of 200 and y?
100
Suppose 0 = -61*o + 169*o - 1296. What is the highest common divisor of o and 300?
12
Let r = -6 - -13. Let s = 23100 - 22925. What is the highest common divisor of r and s?
7
Suppose 5*o - 4*n + 42 = 0, -o + n - 10 = -1. Let i be o/54 - 981/(-81). Calculate the highest common divisor of i and 6.
6
Suppose -1647 - 28249 = -101*k. What is the highest common factor of k and 168?
8
Suppose -49*l + 231 = -46*l. Let k be 4 + (3 - 8) - -5. Let r be (k + -3)/((-2)/(-14)). Calculate the greatest common divisor of r and l.
7
Suppose -4*d - 3*o = -22817, -5*d - 2*o - 3*o + 28515 = 0. Suppose -66*t = -72436 - d. What is the greatest common divisor of 37 and t?
37
Let x = -31 - -39. Suppose 0 = 2*z - x - 2, -5*z = -5*h. Suppose 0 = -h*l + 14*l - 1089. What is the highest common divisor of l and 11?
11
Let w be (((-260)/(-1))/(-1))/(-20 - (25 + -43)). What is the highest common divisor of w and 585?
65
Suppose -5*b - 10 = -5*q - 95, -5*b + 75 = -3*q. Suppose -1 = b*m - 205. What is the greatest common factor of 204 and m?
17
Let r = -23 - -23. Let v = 9 - r. Suppose d - 161 = o, 4*d + 3*o + 803 = v*d. What is the greatest common factor of 20 and d?
20
Let h = 437 - 413. Let u be (-84)/28*16/(-6). Calculate the highest common factor of h and u.
8
Let h be (-80)/(-32)*5/((-25)/(-56)). Calculate the highest common factor of 36414 and h.
14
Suppose -3*k + 91 + 89 = -5*b, 9 = 3*b. Calculate the greatest common divisor of 24960 and k.
65
Suppose -2*k = -p + 7488, 8631 = 5*p + 2*k - 28761. What is the greatest common factor of p and 2618?
374
Suppose -4*n + 776 = -g - 124, -220 = -n - g. Let l(t) = -5*t**3 + 57*t**2 - 20*t - 15. Let y be l(11). Calculate the highest common divisor of y and n.
7
Let y = 23077 + -19271. What is the highest common factor of 176 and y?
22
Let o(n) = 11*n**2 - 90*n + 1709. Let z be o(18). Calculate the highest common factor of 13 and z.
13
Suppose -6*x + 4144 + 3792 = -4670. What is the greatest common divisor of x and 573?
191
Let p be (-12)/(9*(-8)/(-72)) + 4011. Calculate the highest common factor of 387 and p.
129
Suppose 15*g = 39466 + 35864. Suppose 23*h = 14*h + g. What is the highest common factor of h and 62?
62
Let u = 7495 + -7223. What is the greatest common divisor of u and 289?
17
Let a(s) = -s**2 - 15*s + 130. Let x be a(-21). Suppose d - 27 = x*q, -3*d - 19 = -2*q - 60. Calculate the greatest common divisor of 671 and d.
11
Let p = 87 - 160. Let y = -50 - p. Let x be (-30)/40 + -185*12/(-16). What is the highest common factor of x and y?
23
Let v be 0/(-7)*8/16. Suppose 8*r + 4 = 7*r, v = 4*n - 5*r - 644. What is the greatest common divisor of 84 and n?
12
Let b be (40/(-16) - 2) + (-65836)/(-8). Calculate the greatest common factor of 94 and b.
47
Let d(b) = 64*b + 3. Let f be ((-6)/((-24)/28))/1. Let h be d(f). What is the greatest common factor of h and 41?
41
Let j be (-1)/((6/60)/(9/(-2))). Calculate the highest common divisor of 840 and j.
15
Let k be (-16)/((-1)/(-1) + -3). Let a(n) = n**3 - 13*n**2 - 13*n + 10. Let l = 65 - 51. Let f be a(l). Calculate the highest common divisor of k and f.
8
Suppose 28*p + 17*p = 720. Calculate the greatest common divisor of p and 848.
16
Suppose 111 = 4*q - 33. Let u be ((-136)/10)/((-11)/55). Suppose -52 = -5*v + u. What is the greatest common divisor of v and q?
12
Suppose -7*o - 22 = -8*o + i, 49 = 2*o - 3*i. Suppose 2*p - o*p = -540. What is the greatest common factor of 414 and p?
18
Suppose 38*q - 57*q - 11476 = 0. Let f = q - -784. What is the greatest common divisor of f and 20?
20
Let h(u) = -2*u**3 + 3*u**2 + 3*u + 3. Let t be h(-3). Let w be 150*-50*49/(-6125). What is the greatest common factor of t and w?
15
Suppose -86 + 46 = -2*j. Suppose 10489*q = 10485*q + 880. Calculate the highest common factor of j and q.
20
Suppose -t - 4*g - 11 = 0, 0 = 3*t + 4*g + 1. Let v be -1 + (57 - 25/t). Calculate the greatest common divisor of 68 and v.
17
Let x(k) = k**3 + 5*k**2 - 4*k + 12. Let r be x(-6). Let p be (r - (0 - 0)) + (14 - 13). Calculate the highest common factor of p and 3.
1
Let m be (-3080)/(-30) + 40/(-24). Calculate the highest common divisor of m and 6363.
101
Suppose w - 1363 - 796 = -5*k, -w + 431 = k. Let